mon divisor of l and j?
20
Let u be (20/15)/((-8)/(-12)). Calculate the greatest common divisor of u and 34.
2
Let w(p) = p**2 - 10*p + 24. Let v be w(14). Let b = -34 + v. What is the greatest common factor of b and 46?
46
Let p(u) = -5*u**3 + u**2 + 2*u + 4. Suppose 5*s + 2*b + 3*b - 10 = 0, -2*b = -8. Let x be p(s). What is the highest common factor of x and 4?
4
Let q = 449 + -201. Suppose 68*i - 186 = 65*i. What is the highest common factor of i and q?
62
Let h(r) = -2*r**3 - 26*r**2 - 30*r - 2. Let k be h(-12). What is the highest common factor of k and 175?
35
Suppose 0 = 5*a + 10 - 20. Let z be (1 - a) + (9 - -1). What is the greatest common factor of z and 2?
1
Let z = -79 - -95. What is the highest common factor of 4 and z?
4
Suppose -q + 68 = -4*n, 2*q - 2*n = -2*q + 216. Let w = -21 + 25. What is the greatest common divisor of w and q?
4
Let x be 21/2*8/12. Calculate the highest common factor of x and 182.
7
Suppose 3*c - 115 = -2*m, 3*m + 34 + 21 = 2*c. What is the greatest common divisor of c and 84?
7
Let y be 1 - (2 - 4)*4. Suppose 1599 = 6*t + 303. Suppose 2*s = -s + t. Calculate the greatest common factor of s and y.
9
Let q be -8 - 50 - (-1 - (0 + 0)). Let j = -45 - q. Calculate the greatest common divisor of j and 4.
4
Let b = -66 - -66. Suppose 4*n + 2*d = 3*d + 164, n - 4*d - 26 = b. What is the greatest common divisor of n and 105?
21
Suppose 71 + 25 = -8*o. Let z(f) = -f**2 + f - 4. Let b be z(-3). Let d = o - b. Calculate the greatest common factor of d and 20.
4
Suppose 3*r - k = 13 + 33, -5*r + 66 = k. Let o be r/35 + (-13)/(-5). Suppose q - 44 = -o*q. What is the highest common factor of 121 and q?
11
Suppose -2 = 4*n - 10, h + 658 = -3*n. Let m = h + 1087. What is the greatest common factor of 47 and m?
47
Let a = -140 - -197. What is the greatest common divisor of 76 and a?
19
Suppose 0*c = 4*c. Let y(k) = k**3 + k**2 - k - 3. Let u be y(c). Let v be 5 + 94 - (u - -2). What is the greatest common factor of 40 and v?
20
Let t(r) = 49*r + 123. Let f be t(4). What is the greatest common divisor of f and 22?
11
Let t(h) = 13*h**3 - 2*h**2 + h + 1. Let j be t(2). Suppose -27 + j = 4*d. Let c be 1/3 - (-174)/d. Calculate the highest common divisor of c and 90.
10
Let r(m) = m**2 - 10*m + 11. Let z be r(9). Let n be 144/28*28/3. Let s be z/(148/n + -3). Calculate the greatest common factor of s and 36.
12
Suppose 4*t + t = 200. Let p = 50 - t. Calculate the greatest common divisor of 4 and p.
2
Let h be (-3840)/(-27) + (-2)/9. Let s = h + -76. Calculate the highest common divisor of 22 and s.
22
Suppose w + 5*a + 9 = 27, -2*a = -w + 4. Suppose -l + 128 = -5*m - 2*l, 0 = -4*l + w. Let t = 86 - m. Calculate the highest common factor of 16 and t.
16
Let p(r) = -44*r - 80. Let t be p(-4). What is the greatest common divisor of 72 and t?
24
Let v(l) = -l**3 + 31*l**2 + 70*l - 25. Let t be v(33). What is the highest common factor of t and 1?
1
Suppose -4*r - 2*i - i = -7845, 3929 = 2*r - 5*i. Calculate the greatest common divisor of 18 and r.
18
Let d(c) = -c**3 + 16*c**2 + 2*c - 6. Let y be d(16). Let p(b) = b**2 - 21*b + 2. Let t be p(y). What is the greatest common factor of 44 and t?
44
Let i be ((-14)/(-4))/(1/2). Suppose 96 = -3*h - 21*h. Let z be 2/8*(-28)/(3 + h). What is the greatest common divisor of i and z?
7
Let a(h) = -h + 4. Let b be a(4). Suppose b = -2*r - 3*r + 45. Suppose -64 = -13*g + r*g. Calculate the highest common divisor of 128 and g.
16
Let p = -79 + 118. Suppose 2*l = -3*f + p + 45, -l + f + 37 = 0. Let q be 0 + (1 - l/(-1)). What is the greatest common divisor of 5 and q?
5
Suppose -39*a + 315 = -44*a. Let h be 36/a*(-42)/3. Calculate the highest common divisor of h and 1.
1
Let r(o) be the first derivative of -5*o**2/2 - 12*o + 27. Let p be r(-6). What is the highest common divisor of p and 2?
2
Let i be 16*(2 - 15/12). Suppose 0 = 4*l - 2*g - 44, -4*l = -3*g - 30 - i. What is the greatest common factor of l and 48?
12
Suppose -4*y = 1 - 133. Let x = 39 - y. Calculate the greatest common factor of 6 and x.
6
Let g = -12 + 19. Let f = g - 3. Suppose -38*v - 7 = -45*v. What is the greatest common divisor of v and f?
1
Suppose 414*t - 419*t + 420 = 0. Let c(a) = a**2 - 3*a - 1. Let f be c(4). Let v(k) = 4*k. Let r be v(f). What is the highest common divisor of t and r?
12
Let b(u) = -24*u + 66. Let c be b(-10). Let j(k) = 5*k**2 - 2. Let t be j(-2). What is the highest common divisor of c and t?
18
Let a(q) = 12*q**2 - 13*q + 23. Let v be a(2). What is the highest common divisor of 165 and v?
15
Suppose -4*b = 3*x - 10, 2*b - 1 = -5. Let m be x/18 + (-64)/(-6). Let f be 1/3*(-4 - -7). Calculate the highest common factor of m and f.
1
Suppose 5*g + 2*d - 679 = 0, -697 = -5*g + 4*d - 0*d. Let r be (-816)/11 - (18/33)/(-3). Let y = r + g. What is the greatest common divisor of y and 7?
7
Let t = 7 - -19. Suppose k - t = -6. Suppose 4*c + 0*c - 12 = 0, 0 = -5*r - 3*c + 59. Calculate the highest common divisor of r and k.
10
Suppose 0 = -p - 1, b = 5*b - 2*p - 1946. What is the highest common factor of 36 and b?
18
Suppose c + 32 = 3*c. Let x be (5/(-4))/(2/(-8)). Suppose -x*l + 0*l = 2*g - 558, 3*l - 3*g = 339. What is the highest common divisor of c and l?
16
Let i = -2 + 4. Suppose -i*p + 87 = p. Let g be (-232)/(-6)*12/8*1. Calculate the greatest common factor of g and p.
29
Let c = -61 + 65. Calculate the highest common divisor of c and 68.
4
Suppose 3*r = -3*m + 51, -1 = 5*r + 4. Let o be (-18)/(-81) - 184/m. Let t = -6 - o. What is the highest common divisor of 32 and t?
4
Suppose -53 + 261 = 13*r. Let v be r*1*4/(4 + 0). What is the highest common divisor of 8 and v?
8
Let c be ((-12)/8)/(-2*15/5320). What is the highest common factor of 42 and c?
14
Let w = 707 - 278. What is the highest common factor of 26 and w?
13
Let f(x) = -x**2 + 6*x - 4. Let i be f(4). Suppose -j = -2*l - 5*j + 88, i*j - 16 = 0. Calculate the highest common divisor of 9 and l.
9
Let n(l) = l**2 - 14*l - 72. Let h be n(21). Calculate the highest common factor of h and 45.
15
Let p(l) = -2*l - 7. Let b be p(12). Let s = b - -15. Let i be 6/4*s/(-6). What is the greatest common factor of i and 36?
4
Suppose -u + 394 + 549 = -3*r, -r = -5*u + 4659. Calculate the highest common factor of u and 76.
19
Suppose -2*y + 5*v = 1, -4*y - 9 = -3*v - 42. What is the highest common factor of y and 36?
12
Suppose 18*h - 17257 = 10391. Calculate the highest common divisor of 12 and h.
12
Suppose -5*y - 580 = -4*s, 388 + 82 = 3*s + 5*y. Suppose 19*a = 9*a + s. Suppose 2*w = -w + 315. Calculate the highest common divisor of a and w.
15
Let j be (66/12)/(5/(9 - -1)). What is the greatest common factor of 11 and j?
11
Suppose -u = -2*u + 3. Let w(r) = 2*r**2 - 2*r - 6. Let g be w(u). Calculate the highest common factor of 66 and g.
6
Suppose 49*z - 52 = 47*z. Calculate the highest common factor of 26 and z.
26
Suppose -254 - 314 = -71*p. Calculate the highest common factor of p and 28.
4
Suppose -22*v = -21*v - 40. Let y = 9 - 2. Let m(c) = c**3 - 8*c**2 + 8*c + 1. Let z be m(y). Calculate the greatest common divisor of z and v.
8
Suppose 5*o = -2*k + 21, -21 = -2*k - k - 4*o. What is the greatest common factor of 4 and k?
1
Let p(z) = z + 13. Let a be p(-4). Let f = a - 7. Let g be 1 - f - (-120)/3. Calculate the greatest common divisor of g and 26.
13
Suppose -2*b + 933 = 3*i, 0 = 2*i - i - 5. Calculate the greatest common divisor of b and 27.
27
Suppose 38 = n - l, -2*l + 42 - 52 = 0. What is the greatest common divisor of 748 and n?
11
Suppose -12*d - 2*y = -16*d + 198, -4*y = -d + 39. What is the highest common factor of d and 544?
17
Let h be (4 - 6) + 2 + 24. Let z(b) = -b**2 - 9*b + 8. Let x be z(-9). Calculate the highest common factor of x and h.
8
Suppose -5*k + 189 = b + 61, 125 = b + 2*k. What is the highest common divisor of 41 and b?
41
Let n(c) = -16*c - 241. Let f be n(-51). What is the greatest common divisor of 92 and f?
23
Let l = 934 - 923. Let d(h) = -31*h - 3. Let c be d(-4). What is the greatest common factor of c and l?
11
Let m(v) = -2*v**2 - 30*v + 38. Let k be m(-14). What is the highest common factor of k and 18?
6
Let s(t) = -t**3 + 5*t**2 + 8*t - 6. Let q be s(6). Suppose -5*o + 19 = -q. Calculate the highest